be v(-2). Let q(o) = -o**2 + 2*o + 6. Let i(r) = -r. Let k(x) = c*i(x) - q(x). Calculate k(0).
-6
Let a = 54 + -59. Let l(z) = -3 + 0*z**2 + 8 + z**2 + 5*z. What is l(a)?
5
Suppose 0*f = -f - 1. Let r(u) = -10*u + 1. Let n(k) = 11*k - 1. Suppose -2*z - 2*h + 18 = 0, h = -5*z + 6*h + 5. Let y(d) = z*r(d) + 4*n(d). What is y(f)?
7
Let t(u) = 4*u - 1. Let m(j) = -7*j + 1. Let y(l) = -3*m(l) - 5*t(l). Determine y(-6).
-4
Let u(l) = l**2 - 2*l - 2. Let y = -16 - -12. Let i(s) = -s. Let r be i(y). Give u(r).
6
Let l be ((-4)/6)/(-2)*0. Let d(f) be the second derivative of -1/6*f**3 + 1/12*f**4 + 3/2*f**2 + l - 2*f. What is d(0)?
3
Suppose 7*q + 7 + 7 = 0. Let l(g) = -g**3 + 4*g**2 + 3*g. Calculate l(q).
18
Let w(d) = 4*d + 2. Let l(t) = 5*t + 43. Let i be l(-9). Determine w(i).
-6
Let i(z) be the first derivative of -7*z**2/2 - 18. Calculate i(-1).
7
Let m(f) = 2*f + 1. Let c be m(1). Let k(x) = 20*x**c - 21*x**3 + 2*x + 0 - x**2 - 3. What is k(-3)?
9
Let j be (-5)/(-20) - 34/8. Let p(t) be the second derivative of 1/12*t**4 + 1/2*t**3 + 0 - 4*t - 5/2*t**2. What is p(j)?
-1
Let z(m) be the third derivative of m**8/20160 - m**7/720 + m**6/240 + 7*m**5/60 + 7*m**2. Let y(f) be the third derivative of z(f). Calculate y(6).
-3
Let o = -2 - -2. Suppose o*f + 4 = 4*f. Let z(n) = 6*n + 1. What is z(f)?
7
Let r(t) = t**3 + 5*t**2 - 5*t + 4. Let g be (4/(-1))/(2/3). What is r(g)?
-2
Suppose 0*p + 2*z = -4*p + 10, 8 = 2*p + 4*z. Let t(h) be the second derivative of -2*h + 0 + 3/2*h**2 - 2/3*h**3. Calculate t(p).
-5
Let b be ((-2)/2)/(-2 + 1). Let f(k) = k**3 - 2*k**2 + 2*k - 1. Determine f(b).
0
Let s(n) = n**3 + 3*n**2 - 4*n + 2. Let v be s(-4). Let l be 5*3/(-5)*-1. Let i(t) = -t**l + 0 + 4*t**2 + 3 - 2*t**2 - 3*t. Give i(v).
-3
Suppose 9*h = -a + 11*h + 11, 0 = -4*a - h + 17. Let d(f) = -f**3 + 3*f**2 + 6*f + 7. Calculate d(a).
-13
Let u = 17 + -10. Let w(f) = u - 4 + f**2 + 5 - 2*f**2. Calculate w(0).
8
Suppose -21 = c - 4*a, 5*a = c + 2*a + 16. Let v(f) = -3*f - 1. What is v(c)?
2
Let t(o) be the third derivative of -o**6/720 - o**5/60 + o**4/12 + o**2. Let m(d) be the second derivative of t(d). Give m(2).
-4
Let p(f) = -f**2 - 6. Let z(c) = 2*c**2 - c + 17. Let n(v) = -8*p(v) - 3*z(v). What is n(2)?
11
Let c = 12 - 7. Let l be 10/6*3*1. Let d(y) = -y + 5*y**2 - y**3 + 0 - l + 1. Give d(c).
-9
Let r = -8 - -8. Let m(i) be the first derivative of -1 - 2*i - 1/4*i**4 - 1/2*i**2 - 1/3*i**3. Give m(r).
-2
Let m(n) = n**3 + 7*n**2 + 8*n + 6. Let b be m(-6). Let f = 6 + b. Let x(t) = t - 7. Determine x(f).
-7
Let z(l) be the third derivative of l**6/120 + 2*l**5/15 - l**4/24 + 5*l**3/6 + 31*l**2. Give z(-8).
13
Let q be 2/(-5) - 321/(-15). Let k be (-32)/(-14) + (-6)/q. Let h(j) = -4 + 4*j + k*j**2 + 6 - 3. Give h(-3).
5
Let t(x) = 7*x**3 - 2*x**2 - 12*x**3 - x + 0*x. Give t(-1).
4
Let w(o) = -9*o - o**2 + 3*o - o - 6 + 3*o**2. Let z(y) = -3*y**2 + 14*y + 12. Let l(g) = -5*w(g) - 3*z(g). What is l(-5)?
4
Let g(b) be the third derivative of -b**6/60 - b**5/60 - b**4/12 - b**3/6 + 10*b**2. Determine g(-2).
15
Let d(y) = 2*y + 3*y - y**2 + 3 + y - 10. Calculate d(6).
-7
Let h(l) = 6*l**2 - 4*l + 5. Let i(b) = -6*b**2 + 3*b - 4. Let n(d) = 3*h(d) + 4*i(d). Suppose 0 = 5*f - 3*f - 4. Suppose -f*y - 4 = 2*y. Calculate n(y).
-7
Let g(m) be the second derivative of -m**5/5 - m**3/3 + m**2/2 + 16*m. Determine g(1).
-5
Let f(j) = j**2 + 2*j - 3. Let p be (5/10)/(1/(-8)). Determine f(p).
5
Suppose -y = -2*y - 3. Let r(m) = 6 + m**2 + 5*m - 5*m + 3*m - 4. Calculate r(y).
2
Let p(i) = -13*i - 1. Let f(m) = m**2. Let t be f(-1). Give p(t).
-14
Let j(s) = -s**2 + 5*s - 3. Let k = 14 - 8. Let a be (k - 4)*1/2. Let h be (0 - a)/((-1)/3). Calculate j(h).
3
Let i(b) = 0 - b**3 + 7*b**2 + 3*b - 3 - 13*b**2 + 5. Calculate i(-6).
-16
Let t(k) be the third derivative of -k**5/60 + k**4/4 - 2*k**3/3 + k**2. Calculate t(3).
5
Let o(j) = 3*j**2 + 2*j + 2. Suppose -18 = -n - a - 3*a, -24 = -2*n - 5*a. Suppose -n*v = -8, 2*r = 3*v + 12 - 34. Let l = r + 3. Calculate o(l).
10
Let u be ((-4)/(-2) - -1) + -5. Let w(b) be the third derivative of b**4/24 + 2*b**3/3 + 3*b**2. Determine w(u).
2
Let n(v) = -v**2 - 8*v - 4. Let m(z) = -z**2 + 7*z + 15. Let g be m(9). What is n(g)?
11
Let k(p) = 4*p - 4. Let b = 21 + -15. Give k(b).
20
Let z(t) = 13*t**3 - 2*t**2 - 1. Let i(w) = w**3 - w**2. Let x(r) = 3*i(r) - z(r). Suppose -b + 10 = 4*b. Suppose -g + b = g. What is x(g)?
-10
Let p = -42 + 30. Let l be (p/16)/(2/8). Let m(z) be the first derivative of -z**2 - z - 4. Determine m(l).
5
Let n(p) = -p**3 + p**2 + p - 2. Let a(m) = -3*m**3 - m**2 - 2*m - 2. Let j be a(-1). Determine n(j).
-4
Let y be 0 + (-3 - 7/(-2)). Let q(h) be the second derivative of 2*h - 5/2*h**2 - y*h**3 + 1/12*h**4 + 0. Determine q(4).
-1
Let y be 1/(-3 - (-13)/4). Let h(j) = y + 2*j - j**3 + 28*j**2 + 0*j - 31*j**2. Determine h(-3).
-2
Let s(d) = d**2 - 7*d - 3. Suppose -3*n = 5*n - 72. Calculate s(n).
15
Let x(z) = z**2 + 3*z - 5. Let n be x(-5). Let s(p) = -5*p + 0*p - 4*p**2 + 3 + p**3 - 2*p**2 + 2*p**2. Give s(n).
3
Let a(j) be the second derivative of -j**3/3 + 3*j**2/2 + 4*j. Give a(5).
-7
Suppose -6 = -s + 4*m, -m - 4 - 5 = s. Let c be s/(-4) + (-1)/(-2). Let h be (c/(-6))/(1/(-3)). Let v(j) = -j**2 - 2*j + 1. Determine v(h).
-2
Let q = -13 - -18. Let m(i) = -4 + 5 - 2*i**3 + 0*i**3 + i**3 - q*i**2. What is m(-5)?
1
Let q(s) = -6*s**3 + 4*s**2 - 35*s + 1. Let u(j) = -j**3 + j**2 - 7*j. Let x(l) = 2*q(l) - 11*u(l). Suppose 9 + 1 = -2*f. Determine x(f).
17
Let s(v) = 8*v**3 + v**2. Let c be -2 - ((1 - 4) + 0). What is s(c)?
9
Let b(k) = 4*k**3 - 4 - k**2 + k**3 - k - 6*k**3 + 7. What is b(0)?
3
Let z(g) be the third derivative of -g**8/6720 - g**7/840 - g**5/30 - g**4/6 - 3*g**2. Let b(k) be the second derivative of z(k). Determine b(-3).
-4
Let d(p) = -4*p**2 + 4*p + p**3 - 2*p**2 + 2 - 6. Suppose 0 = 5*c + a - 9 - 18, c - 15 = -5*a. Give d(c).
-9
Let d(g) = g**2 + g**3 - 24 - 2*g**2 + 17. Calculate d(0).
-7
Let l be -3 + 4/(-1)*-1. Let h be 0 + (-1 + l - -3). Suppose c - 12 = -h*v, 3*v - 2*c = c + 12. Let a(i) = -i**2 + 6*i - 3. Calculate a(v).
5
Let n = -8 - -5. Let z(r) be the second derivative of -r**3/3 + r**2/2 - 33*r. Determine z(n).
7
Let b be (1 - -1)/(-2 - -1)*-1. Let h(n) = n**3 - 5*n**2 + 2*n + 2. Calculate h(b).
-6
Let t = 8 - 5. Let i(h) = -4 + 0*h**3 + h**t - 3*h - h**2 - 2*h**2. Let r(w) = w + 4. Let z be r(0). Determine i(z).
0
Let h(t) = -2*t. Let i(x) = 4*x - 7. Let l(m) = -m. Let r(u) = i(u) + 5*l(u). Let d be r(-10). Calculate h(d).
-6
Let d(l) = -l**2 + 2*l. Let w(h) = 4*h + 4. Let y(f) = -f. Let a(z) = -w(z) - 5*y(z). Suppose -29 = -5*q - 3*r, 0 = -q + 3*r + 13. Let g be a(q). Give d(g).
-3
Let k(y) be the second derivative of y**3/2 - 2*y**2 - 4*y. Suppose -x - 4 = -3. Let m be -1 - 4/1*x. What is k(m)?
5
Let u(h) = h**3 + 4*h**2 - 3*h + 5. Suppose -4*d = p + 28, d = -2*d - 4*p - 34. Let n(t) = t**2 + 7*t + 1. Let b be n(d). Give u(b).
-5
Let j(l) = 4 - 3*l**2 + 4*l**2 + 3 - 10. Suppose 0 = 5*m - 22 - 3, -20 = -i - 3*m. Let t be i/(-2)*6/(-5). Determine j(t).
6
Let z(v) = 3*v**3 - 2*v**2 + 1. Suppose -4*q + 10 = -2. Suppose -4*b + 12 = -2*r, -r + q*r + 6 = 2*b. Suppose -s - 2*s + 3 = r. What is z(s)?
2
Let l(v) = -v + 1. Let a(z) = 6. Let g(x) = -a(x) + 5*l(x). Let d = 20 - 28. Let f be (2/4)/(4/d). Calculate g(f).
4
Let h(b) = 201*b - 104*b - 1 - 102*b. Determine h(-4).
19
Let d(f) = -5*f. Let y be 18/4*(-8)/(-12). Suppose 4 = -5*n + s + 3, 3*n - 3*s = -y. Let b = n + 1. Determine d(b).
-5
Let o(q) = -13*q - 2*q + 2 + 5 + 3*q**2 - q**2. Let k be o(7). Let r(d) = d**2 - d - 5. Give r(k).
-5
Suppose -4*f = 2*r - r + 4, 3*f = -3*r - 3. Let h = r - -6. Let x(y) = -h - 2*y + 4*y**2 - 3*y**2 + 0 + 4. What is x(3)?
1
Let v(n) be the third derivative of -n**4/24 - 5*n**3/6 + 2*n**2. Let h be v(-7). Let f(t) = t**3 - t**2 + t - 2. Give f(h).
4
Let h(l) = -3*l. Let r(o) = -5*o + 1. Let s(z) = 7*h(z) - 4*r(z). Let c = -2 - -6. Suppose -c*y = -y. What is s(y)?
-4
Let v(l) = 5*l + 2 - 4*l + 0*l. Suppose -2*h = 2*i + 8, 2*i + 0*i + 9 = -3*h. What is v(i)?
-1
Let n(i) = -i**3 - i**2 + i - 1. Suppose 3*g = -2*g + 25. Suppose g*a - 3*c = c - 4, 3*c = 2*a + 3. What is n(a)?
-1
Suppose 4*r - 4 = -s, -2*r + r